- (35 + -20) - 12?
5
Evaluate (-7 - (-17 - -9)) + 3.
4
-4 + (-1 - (0 - 2) - (196 + -189))
-10
What is 17 - 56 - -6 - -17?
-16
8 + (-2 + -19 + 2 - -8)
-3
What is the value of -253 - -256 - (1 + 17)?
-15
What is the value of -16 - (0 + -1 + 25 + (4 - 28))?
-16
Calculate 7 + -27 + 17 - (4 + 0 + -2).
-5
7 + (7 - 15) + (-86 - -57)
-30
Calculate 33 + (-25 - 18) + 2 + -2 + -4.
-14
11 + 16 + -16 + -14 + -5
-8
Evaluate (-71 - -72) + 9 + 10 + -20.
0
(15 - 12) + -10 + (15 + -3 - -3)
8
-228 + 221 - ((-21 - (3 - 2)) + -2)
17
Calculate (0 - (-3 + 0)) + 3 - 2 - -4.
8
Evaluate -3 + 1 - 18 - (-30 - -21).
-11
What is the value of -4 + -41 + 40 + -12 + 0?
-17
What is the value of 44 + -52 - (2 - 3)?
-7
What is the value of 28 + -47 + 16 - (7 + (-1 - -1))?
-10
Evaluate 0 + -13 - (73 - 82).
-4
Evaluate 9 + 1 + -1 - (-23 + (36 - 6)).
2
What is -1 + -5 + -7 + (5 - 2) - -2?
-8
Calculate (0 + 6 - -1) + 5 + (-22 - 2).
-12
What is the value of 3 - 0 - (12 + -4 + -12)?
7
Evaluate -1 - 35 - (-39 + -18 + 43).
-22
-23 - -26 - 22 - -12
-7
What is 20 + (4 - (2 - -12))?
10
What is the value of 28 + -37 + (-11 - -6)?
-14
Calculate -2 - (11 + -13 + 9) - -16.
7
Calculate -4 + (27 - 0) + -53.
-30
Calculate 11 + -4 + 3 + -1 + -10.
-1
What is the value of -2 - -6 - (14 + -27)?
17
What is the value of -18 - (11 + -14 + (5 - 11) + 3)?
-12
What is the value of (10 - (3 + -10)) + -14?
3
9 - (2 - -17 - (10 + -14))
-14
Calculate (-6 - 1) + (2 - -5 - 3) + -5.
-8
56 - 33 - (-4 + 36)
-9
(-5 - -14) + 10 + -28
-9
Calculate (1 - 9) + (34 - (23 - -13)).
-10
Calculate 46 - (24 + (37 - -10)).
-25
Evaluate -6 + 40 + 213 + -236.
11
Evaluate 14 + 18 + -26 - -24.
30
Evaluate -27 + (33 - 52) - -8.
-38
Evaluate -42 + (15 - -44) + (-23 - 3).
-9
-18 + 0 - (-7 + -6)
-5
What is (11 - ((-2 - -15) + -3)) + (-3 - 1)?
-3
4 + 4 + -28 - (4 - 6)
-18
3 + -2 + 8 - (18 - 36 - -12)
15
Calculate 8 - 1 - (23 + (9 - 29)).
4
What is the value of (108 - 112 - (7 + 0)) + 9?
-2
(-43 - -50) + (6 - (0 - -1))
12
What is 5 - (9 + (-24 + -8 - -5))?
23
Calculate 15 - (-14 - -8) - 25.
-4
What is -8 + (-8 - -11) + 0 + (-3 - 1)?
-9
Evaluate 1 + -6 - (1 + 0 + -9 + 4).
-1
What is -17 - -5 - -12 - ((-1 - -2) + 1)?
-2
What is the value of 7 + (-15 + -2 - -6)?
-4
What is the value of (-27 - -48) + -7 + -5?
9
Calculate 21 - -4 - (-9 - -26) - (-8 - 2).
18
What is the value of -10 + 0 + (5 - 2) + -7?
-14
(5 - (7 - 4)) + 8 - 3
7
Evaluate (-3 - 4) + 7 + 10 + (-1 - 12).
-3
Evaluate 17 + (-3 - -6 - 3) + -7.
10
Calculate 5 - (-16 + (-4 - -15)).
10
Evaluate (243 - 233) + 0 + 3 + -11 + -2.
0
Evaluate -41 + 3 + 13 + 12.
-13
What is the value of -32 + 1 + -1 + -9 + -15 + 32?
-24
What is the value of (-59 - -45) + -2 + 4 + -13?
-25
Evaluate -6 - (8 + (0 + -14 - -8) + 1).
-9
What is the value of 26 + 0 + (15 + -17 - (-3 + 2))?
25
Calculate (-1 - 5) + -121 + 111.
-16
Calculate (2 - 19) + (-50 - -61).
-6
What is the value of 9 - (31 + -17 + -2)?
-3
What is the value of 6 - (2 + 2 + -6 - (33 - 32))?
9
What is -7 + 24 - 20 - (-30 + 7)?
20
Evaluate -10 + -1 + (-5 - (-36 + 17)).
3
What is the value of (-5 - -4 - -11) + -11?
-1
-14 + 28 + -34 + 48
28
Calculate 3 + -5 + (3 - (2 - 4)).
3
3 + (1 - 12) + 3 + -10 + 51
36
Calculate 2 + -4 - (-9 - (-20 + 6 + 5)).
-2
Evaluate -4 - ((16 - 24) + 2 + (-1 - -2)).
1
Evaluate (12 + 1 - (2 + 0)) + 520 + -521.
10
What is -3 + 7 + 24 + -19?
9
Calculate (0 - -19 - 1) + 9.
27
Evaluate -8 - -9 - (5 + -15).
11
Evaluate -1 - (-7 + 1) - 1 - (2838 + -2837).
3
Calculate -11 + 28 + -32 + (0 + -1 - -5).
-11
What is -14 + -58 + 43 - -42?
13
Calculate -8 + 1 + 1 - (15 + -17).
-4
Evaluate 102 + -88 - (4 + 0 + -1).
11
What is the value of 1 + (2 - 1) - ((-1 - 11) + 9)?
5
What is -10 - (0 + -1 + (-3 - -4) - 4)?
-6
(0 - (0 + 0 + 0)) + (53 - 52)
1
Calculate (-7 - -8) + -23 + 29.
7
2 - (1 - ((4 - 5) + -4 + 5))
1
2 + 1 + -4 + -3 - (-33 + 25)
4
-14 - (-13 - 7 - -18)
-12
What is the value of (-8 - -18) + -3 - 11?
-4
Calculate -1 - 7 - (-9 - -6 - (5 - 2)).
-2
83 + -43 - 18 - (0 + 1)
21
What is (-4 - (-4 + (2 - -4))) + -1 + 4?
-3
0 + -3 + -3 - (3 + 3)
-12
(-8 - (-12 + 6)) + -14 + -2
-18
What is (-5 + -2 - 4 - -9) + -5?
-7
What is the value of 12 + -8 + (-9 - (8 + -23))?
10
Evaluate 20 - (26 + -20) - 6.
8
What is the value of 12 - (-11 - (-6 + -8) - -7)?
2
-12 + 9 + (-5 - 0) + 9
1
-9 + 12 + (-14 - -24)
13
What is the value of 3 + 9 + (4 - (-5 - -12))?
9
What is the value of -43 + (15 - 26 - -36)?
-18
Calculate -35 - (-20 + 11 - (-12 - -2 - -10)).
-26
(15 - ((-4 - (-1 + 2)) + 4)) + -8
8
What is the value of (3 - -1) + 25 - (24 - 10 - 10)?
25
What is the value of -3 - -27 - (22 - (24 - 19))?
7
Evaluate 2 + 23 - (-277 - -284).
18
Evaluate -1 - (-13 - (-6 - -9)).
15
What is (11 - (-2 + 5)) + (-10 - (-2 - 1))?
1
Calculate -37 + (12 + 3 - 1) + -2.
-25
Calculate -7 + 13 - (-44 + 76).
-26
Calculate 0 + 10 + (-5 - (-29 + 5) - 28).
1
Calculate -30 + 8 + 9 + 5.
-8
What is the value of (-9 - (-21 + 3)) + 4?
13
Calculate (-3 - 0) + 20 + -15.
2
Calculate 0 + 8 + (-18 - (-34 + 13)).
11
What is the value of 0 + 2 - (-28 + 14 + 3)?
13
Evaluate -15 - -18 - 18 - -6.
-9
Evaluate 1 - (-9 + 13 - 4 - 6).
7
Evaluate -491 + 500 + 1 + (-2 - 32) + 3.
-21
Evaluate -1 - (-5 + 11) - (-2 + 3 - -4).
-12
What is the value of (9 + -2 - -2) + (7 - -85) + -79?
22
-2 + -2 + -70 + 71
-3
Evaluate (97 - 114) + 19 + -2.
0
What is the value of 4 - -18 - (11 + 33)?
-22
What is 4 - (-1 - -30 - 20 - (1 + 11))?
7
What is the value of (2 - -2) + -2 + (14 - 11) + -4?
1
Evaluate 6 - (-5 + (12 - 1) + 5 + -2).
-3
Calculate 59 + -52 - (-1 - -1 - 11).
18
-3 + 23 - 8 - (-12 - -7)
17
Calculate -31 - -27 - -9 - (1 + 2).
2
Calculate -1 - 23 - (10 + -26).
-8
What is the value of -35 + 17 + 8 + -5?
-15
What is -7 + (27 - 7) - 6 - 3?
4
Calculate 19 + -16 - (5 + 2 - 1 - 4).
1
Calculate 19 - 35 - (11 - (14 - 7)).
-20
What is 14 - -11 - (-21 + 41)?
5
Evaluate -19 - (5 + (-2 - 5) + (0 - 4)).
-13
Calculate 1 - (0 + -1) - (4 + -5) - 10.
-7
2 + 2 + 95 + -94
5
Evaluate (-8 - 1) + (106 - 91).
6
(-57 + 93 - 34) + (0 - (1 + -9))
10
What is -8 + 11 + -8 + 19?
14
4 - ((-66 - -13) + 29)
28
Calculate 2 - 40 - ((-6 - -15 - -3) + -18).
-32
0 - 16 - (65 + -70)
-11
Evaluate (-1 - -2) + -3 - (11 - (18 + -9)).
-4
Evaluate 2 + 12 + (7 - 1) + 7.
27
(-1 - 18) + 4 - (-2 + (2 - 4))
-11
What is 18 - (6 + 12) - (-1 - 2)?
3
11 + -3 + 2 + 11 + -4
17
(-11 - -8) + (-3 - (-5 + 32))
-33
What is -2 - -2 - (-13 + -1 - (34 - 36))?
12
7 + 6 + -5 + (4 - (1 - 1))
12
Evaluate (9 - -8) + 6 + -34.
-11
What is -3 - (1 - (0 + -1 + (23 - 21)))?
-3
Calculate (-14 + 24 + -18 - -5) + 8.
5
What is the value of 19 - (1 + 23) - 3?
-8
3 + -14 + 10 + 12 + 0
11
Evaluate 0 + -3 + 1 + 7 + (-13 - -17).
9
Calculate -2 - 1 - 1 - (-1108 + 1090).
14
Evaluate -9 + 31 + 8 - 20.
10
Calculate (15 - (18 - (-6 + -2 + 16))) + -17.
-12
What is the value of -13 + (-17 - -35 - 11)?
-6
What is (21 + 4 - 16) + 1?
10
(17 - (24 - -10)) + 24
7
Calculate 60 + -46 + 25 + (-7 - 4).
28
Calculate -48 + 47 - (1 + 1 + -2).
-1
Calculate -896 + 898 - ((-2 - -3) + 17).
-16
What is (-6 - (-8 + (0 - -2) - -9)) + -2?
-11
(82 - 76 - (-16 + 1 - -1)) + 3
23
What is the value of (13 - -1) + 1 + (-25 - -9) + 8?
7
Calculate -14 + (6 - -7) + -7 + 0.
-8
Evaluate 6 + 3 - (-2 - (-15 + 15)).
11
What is the value of (2 - (-4 + 0)) + -1 + -2?
3
Evaluate (9 - (-2 + 0 - -16)) + 18 + 1.
14
Evaluate -3 - ((19 - 6) + -8).
-8
What is the value of -44 + 38 - (-6 + 5 + 0)?
-5
(1 - (3 + -5 + (-4 - -6))) + 2
3
Evaluate 84 + -87 + (4 - (13 + 3)).
-15
Calculate (-4 - -10 - -13) + -5 + 0.
14
8 + 1 + (12 - 11)
10
45 - (70 + (-91 - -46))
20
Evaluate (-4 - (-8 + 0 + -4)) + (-25 - -25).
8
Evaluate 63 + -61 - (0 + 13 + -1 - 2).
-8
What is 1 + 0 + -15 + 14 + 3 - -5?
8
What is (-23 + -3 - -23) + (1 - 10)?
-12
Evaluate -43 + (39 - -6) - (-2 - -1).
3
Evaluate (6 + 0 - 9) + 6 + 4 + -1.
6
What is the value of 21 + (13 - 4) + -9 + -9?
12
What is 828 - 849 - (-28 + 1) - (2 - -18)?
-14
What is the value of -7 + -23 + (-38 + 42 - (-4 + 1))?
-23
Evaluate (4 + -10 - ((2 - 4) + 5)) + -5.
-14
Evaluate 12 - 7 - (31 + 1 + -3 + 1).
-25
Evaluate -13 + (13 - (0 + 10)).
-10
What is the value of 1 - (13 + -3 + -11 + 11)?
-9
Calculate 7 + (14 - 10) + -11 - (-1 - -1).
0
What is the value of 2 + -4 + (-12 - -7) + -10?
-17
Calculate 6 - ((8 - 3) 